In base 7, what is -1360620334 - 3?
-1360620340
In base 11, what is -2236a03 + -5?
-2236a08
In base 15, what is 1139a0c2 + -5?
1139a0bc
In base 15, what is 5247 - 1dd?
5059
In base 15, what is beedb + 19?
c0005
In base 2, what is -111110100101001101 - -1000110110?
-111110011100010111
In base 13, what is -34605 + -77?
-3467c
In base 14, what is -457cd7b - -5?
-457cd76
In base 14, what is 13b379 - 21?
13b358
In base 11, what is -1555 - -83113?
81669
In base 8, what is -16551 + 17357?
606
In base 10, what is -5851 - -2985?
-2866
In base 10, what is -5 - -55088012?
55088007
In base 7, what is -16441164 - -215?
-16440646
In base 15, what is 20d3ed0 + -c?
20d3ec3
In base 2, what is -110011011000 - -100000000101000110?
11111010001101110
In base 15, what is -790 - -11e27?
11687
In base 12, what is -22 - 86b634?
-86b656
In base 4, what is 12220 + 122002000?
122020220
In base 12, what is 64190 + 65?
64235
In base 10, what is 702 - 82507?
-81805
In base 14, what is -4adad64 + 3?
-4adad61
In base 11, what is -15 - -5333a5?
533390
In base 5, what is -2340220 - 313?
-2341033
In base 10, what is -11 - 1190176?
-1190187
In base 15, what is -20857a7 + -7?
-20857ae
In base 8, what is -14745 - 147205?
-164152
In base 4, what is 2021 + 11031201?
11033222
In base 10, what is 159069 + 12?
159081
In base 5, what is -11 - -3220340141?
3220340130
In base 11, what is -2 + a47a6772?
a47a6770
In base 15, what is 1d6799d - 3?
1d6799a
In base 7, what is -4640453 + -242?
-4641025
In base 14, what is -2 - 2d300db?
-2d300dd
In base 12, what is -1776b0 + 34?
-177678
In base 7, what is -1 + 641102036?
641102035
In base 6, what is -215404434 - -230?
-215404204
In base 3, what is -120020210212011210 - 2?
-120020210212011212
In base 2, what is -111001110010010000001010 + -101?
-111001110010010000001111
In base 6, what is -113244 - 31200?
-144444
In base 15, what is -a2d137e + 9?
-a2d1375
In base 3, what is -102120201 - -1212022122?
1102201221
In base 12, what is -226952 - 2?
-226954
In base 9, what is -10 - 36340561?
-36340571
In base 7, what is -2216266 - -16?
-2216250
In base 10, what is 7295148 - 2?
7295146
In base 9, what is -5 - 28681483?
-28681488
In base 11, what is -18578383 - 4?
-18578387
In base 11, what is 4674 - -1512?
6086
In base 10, what is 0 + -834685?
-834685
In base 3, what is 1002100221011 - 22010?
1002100122001
In base 16, what is -13dd6d4 + -3a?
-13dd70e
In base 6, what is -401543435 - 5?
-401543444
In base 16, what is 51438 + d?
51445
In base 16, what is 1b - -1433b59?
1433b74
In base 8, what is 1704 - 215401?
-213475
In base 16, what is 1e6 + -8be1?
-89fb
In base 12, what is -1 - 762355?
-762356
In base 10, what is -298679 + -570?
-299249
In base 12, what is -503 + -3bb2?
-44b5
In base 9, what is 14 - -13863?
13877
In base 2, what is -10000011001101110001111000101 - -11?
-10000011001101110001111000010
In base 9, what is 33277063 + -4?
33277058
In base 4, what is 12132333213 - 32?
12132333121
In base 4, what is 1 + 32013313200?
32013313201
In base 12, what is a + -4a8259?
-4a824b
In base 13, what is -2b1765 + 5?
-2b1760
In base 14, what is -188d6 - 6a0?
-19196
In base 8, what is 466 + 121674?
122362
In base 14, what is -3c6b9 + -977?
-3d252
In base 14, what is 18144bdd - 5?
18144bd8
In base 10, what is 0 - -37811302?
37811302
In base 5, what is 10 - 4342440?
-4342430
In base 5, what is -11130043 - 134214?
-11314312
In base 14, what is -424a32 - -3b?
-4249d5
In base 16, what is 1c20cc + 0?
1c20cc
In base 11, what is 248554 - -200?
248754
In base 5, what is -444232304410 - 1?
-444232304411
In base 7, what is -44 + 15504061?
15504014
In base 4, what is -322320 + -231?
-323211
In base 7, what is 2531616 - -211?
2532130
In base 5, what is 101303 + -343442?
-242134
In base 5, what is 2243042 + -232114?
2010423
In base 10, what is -11721 - -4697?
-7024
In base 9, what is 81835876 + 5?
81835882
In base 16, what is 10 - 6de3c10?
-6de3c00
In base 6, what is -4 - -201414354?
201414350
In base 10, what is 324 + 556?
880
In base 14, what is -8 + -1b9077?
-1b9081
In base 9, what is 3824 + 7756?
12681
In base 12, what is 1ab - 8411?
-8222
In base 6, what is 1 - 435101003?
-435101002
In base 13, what is -8422a9 - 6?
-8422b2
In base 2, what is -10 + -111000110111000001100?
-111000110111000001110
In base 6, what is 55054 + -2423?
52231
In base 7, what is -661633 + -1212?
-663145
In base 11, what is -4 - -87953a?
879536
In base 8, what is -6 + 3706442?
3706434
In base 10, what is -2 + -887654?
-887656
In base 10, what is 3 + -86477385?
-86477382
In base 3, what is 102210101 - -212111021?
1022021122
In base 3, what is 12 + 1112002010022?
1112002010111
In base 10, what is -97 - -36139?
36042
In base 11, what is 91126 + 4?
9112a
In base 13, what is 21112 + 11a?
2122c
In base 14, what is 19147 + -218?
18d2d
In base 11, what is 19 - 54638?
-5461a
In base 15, what is 1035970 - -3?
1035973
In base 11, what is 13 - 44783315?
-44783302
In base 6, what is 245042 + -5022?
240020
In base 6, what is -4 - -232115114?
232115110
In base 8, what is -6 - -5044670?
5044662
In base 10, what is 441340794 - 2?
441340792
In base 2, what is 1000110 - -10110011111100011?
10110100000101001
In base 15, what is -168 + d203?
d08a
In base 16, what is c2a9261 - 1?
c2a9260
In base 10, what is 0 - 404567?
-404567
In base 2, what is -11000111010110111110 - 101?
-11000111010111000011
In base 2, what is -11001100100 + -111101101101?
-1010111010001
In base 12, what is 19 + -3985687?
-398566a
In base 2, what is -10101101010110101110000 + -10?
-10101101010110101110010
In base 11, what is -7 - 774207?
-774213
In base 10, what is 114214 - -804?
115018
In base 14, what is -3a + 18cabdb?
18caba1
In base 10, what is 256 - -46722?
46978
In base 16, what is 7 + 6c59fe?
6c5a05
In base 4, what is 21001133202 - 12?
21001133130
In base 2, what is 100000100111101001001011000111 - 101?
100000100111101001001011000010
In base 4, what is 2202 - 3213332?
-3211130
In base 13, what is -2944c6c + -13?
-2944c82
In base 16, what is -2 - -2a1f00?
2a1efe
In base 5, what is -13024 - 2423?
-21002
In base 11, what is 60 + 304a8?
30558
In base 7, what is 2026 - -36204?
41233
In base 11, what is -40 + -1255367?
-12553a7
In base 4, what is 2 + 1220303031?
1220303033
In base 6, what is 41105 - 100130?
-15021
In base 7, what is 12506 + -10614?
1562
In base 3, what is 1222020120010012 + 111?
1222020120010200
In base 14, what is -16 + -32c90?
-32ca6
In base 13, what is 3 + -141b89a?
-141b897
In base 3, what is 122222010 - -112111?
200111121
In base 4, what is -12310 - -11332020?
11313110
In base 13, what is -35 - 270491?
-2704c6
In base 12, what is 13a3 + -5250?
-3a69
In base 5, what is -3142032 - 31?
-3142113
In base 5, what is -24402444141 + 11?
-24402444130
In base 12, what is -9 + 3a3755?
3a3748
In base 16, what is -41215 - a6?
-412bb
In base 12, what is a31732 + -4?
a3172a
In base 8, what is 150 - 162026?
-161656
In base 13, what is 5 + -426462?
-42645a
In base 14, what is 5 - -2c2b52?
2c2b57
In base 15, what is -33 + -2ab3b?
-2ab6e
In base 3, what is 100202020 + 1100211210?
1201121000
In base 10, what is 53 - 1206405?
-1206352
In base 3, what is 112 - 10001221122101?
-10001221121212
In base 4, what is 11032030 - 12010013?
-311323
In base 8, what is -11043 + 17171?
6126
In base 8, what is -61 - 541071?
-541152
In base 6, what is 13512423025 + -4?
13512423021
In base 16, what is -5 - 275ac?
-275b1
In base 5, what is -2330032 + -10243?
-2340330
In base 6, what is -1241253 - -145?
-1241104
In base 5, what is -1301002402 - -22?
-1301002330
In base 10, what is -232764 + 73?
-232691
In base 13, what is 416b0 + 22?
41702
In base 8, what is -77 + -1626053?
-1626152
In base 3, what is 111001212022212211 + -10?
111001212022212201
In base 5, what is 3341 + 23403304?
23412200
In base 7, what is -5105 - 23523?
-31631
In base 7, what is 2 - -14304403?
14304405
In base 7, what is 0 + 13656406011?
13656406011
In base 3, what is -1022121101101211 + 0?
-1022121101101211
In base 13, what is -24a + -283463?
-2836b0
In base 15, what is 5 + -566006e?
-5660069
In base 10, what is -1017 - -1320?
303
In base 6, what is -52110 + 103415?
11305
In base 12, what is 181a8 - 196b?
16439
In base 9, what is -34405 - 36?
-34442
In base 11, what is -53 - 36315?
-36368
In ba